 426.
422
Calculate the remainder when 100839 is divided by 62.
27
What is the remainder when 11166 is divided by 319?
1
Calculate the remainder when 3391736 is divided by 31.
26
Calculate the remainder when 129826 is divided by 147.
25
Calculate the remainder when 848768 is divided by 77.
74
What is the remainder when 90436 is divided by 129?
7
What is the remainder when 12958 is divided by 2589?
13
Calculate the remainder when 319901 is divided by 32.
29
What is the remainder when 161088 is divided by 23?
19
What is the remainder when 801 is divided by 81?
72
What is the remainder when 58948 is divided by 5337?
241
What is the remainder when 882 is divided by 464?
418
What is the remainder when 44736 is divided by 234?
42
Calculate the remainder when 1297 is divided by 373.
178
Calculate the remainder when 5239 is divided by 5142.
97
What is the remainder when 1473 is divided by 196?
101
What is the remainder when 13655 is divided by 4442?
329
What is the remainder when 15384 is divided by 16?
8
What is the remainder when 24378 is divided by 1426?
136
Calculate the remainder when 663423 is divided by 292.
291
Calculate the remainder when 33645 is divided by 22.
7
Calculate the remainder when 4396 is divided by 639.
562
Calculate the remainder when 12125 is divided by 137.
69
Calculate the remainder when 65663 is divided by 791.
10
Calculate the remainder when 1950 is divided by 232.
94
Calculate the remainder when 238 is divided by 141.
97
What is the remainder when 5469 is divided by 26?
9
Calculate the remainder when 59951 is divided by 4.
3
What is the remainder when 16179 is divided by 776?
659
What is the remainder when 14215 is divided by 7?
5
Calculate the remainder when 2013478 is divided by 1020.
1018
Calculate the remainder when 5242 is divided by 748.
6
What is the remainder when 61442 is divided by 239?
19
Calculate the remainder when 24205 is divided by 266.
265
Calculate the remainder when 77649 is divided by 25883.
0
Calculate the remainder when 93586 is divided by 13369.
3
Calculate the remainder when 390099 is divided by 3024.
3
Calculate the remainder when 13298 is divided by 175.
173
Calculate the remainder when 27822 is divided by 11.
3
What is the remainder when 5327 is divided by 81?
62
Calculate the remainder when 15031 is divided by 160.
151
Calculate the remainder when 5330 is divided by 299.
247
Calculate the remainder when 10200 is divided by 487.
460
Calculate the remainder when 24079 is divided by 35.
34
Calculate the remainder when 6655 is divided by 316.
19
Calculate the remainder when 32690 is divided by 605.
20
Calculate the remainder when 10805 is divided by 374.
333
Calculate the remainder when 20683 is divided by 94.
3
Calculate the remainder when 17050 is divided by 122.
92
What is the remainder when 134704 is divided by 14?
10
Calculate the remainder when 142118 is divided by 152.
150
What is the remainder when 2491 is divided by 2461?
30
Calculate the remainder when 11649 is divided by 387.
39
What is the remainder when 14372 is divided by 513?
8
What is the remainder when 90700 is divided by 1260?
1240
Calculate the remainder when 154999 is divided by 66.
31
Calculate the remainder when 12163 is divided by 35.
18
Calculate the remainder when 9404 is divided by 285.
284
What is the remainder when 371306 is divided by 356?
354
Calculate the remainder when 6505 is divided by 52.
5
Calculate the remainder when 214496 is divided by 23.
21
Calculate the remainder when 132182 is divided by 802.
654
Calculate the remainder when 195116 is divided by 25.
16
Calculate the remainder when 19995 is divided by 333.
15
Calculate the remainder when 950 is divided by 13.
1
What is the remainder when 54698 is divided by 18141?
275
Calculate the remainder when 71598 is divided by 68.
62
What is the remainder when 192660 is divided by 64212?
24
Calculate the remainder when 56103 is divided by 8013.
12
What is the remainder when 90343 is divided by 22585?
3
Calculate the remainder when 4366 is divided by 1890.
586
What is the remainder when 43993 is divided by 68?
65
Calculate the remainder when 45806 is divided by 22899.
8
What is the remainder when 2250 is divided by 656?
282
Calculate the remainder when 76592 is divided by 336.
320
Calculate the remainder when 7006 is divided by 1394.
36
What is the remainder when 1444 is divided by 1436?
8
Calculate the remainder when 55649 is divided by 640.
609
Calculate the remainder when 1842 is divided by 308.
302
Calculate the remainder when 21511 is divided by 1606.
633
What is the remainder when 1102 is divided by 6?
4
Calculate the remainder when 1049 is divided by 161.
83
What is the remainder when 865502 is divided by 127?
124
What is the remainder when 5357 is divided by 5348?
9
Calculate the remainder when 201098 is divided by 50268.
26
Calculate the remainder when 18903 is divided by 344.
327
Calculate the remainder when 99063 is divided by 209.
206
Calculate the remainder when 8815 is divided by 359.
199
Calculate the remainder when 1353595 is divided by 1920.
1915
Calculate the remainder when 3674 is divided by 864.
218
Calculate the remainder when 38888 is divided by 7.
3
What is the remainder when 45984 is divided by 648?
624
Calculate the remainder when 124378 is divided by 10.
8
What is the remainder when 255102 is divided by 72?
6
Calculate the remainder when 2187 is divided by 198.
9
What is the remainder when 819 is divided by 166?
155
What is the remainder when 40413 is divided by 167?
166
What is the remainder when 23460 is divided by 586?
20
Calculate the remainder when 1030 is divided by 880.
150
What is the remainder when 35009 is divided by 223?
221
What is the remainder when 14044 is divided by 187?
19
What is the remainder when 4330 is divided by 29?
9
What is the remainder when 5474 is divided by 1051?
219
What is the remainder when 19234 is divided by 1685?
699
What is the remainder when 6815 is divided by 2673?
1469
What is the remainder when 6283 is divided by 1028?
115
What is the remainder when 502983 is divided by 74?
5
What is the remainder when 125254 is divided by 2123?
2120
What is the remainder when 105028 is divided by 2387?
0
What is the remainder when 8570 is divided by 183?
152
Calculate the remainder when 34426 is divided by 110.
106
Calculate the remainder when 12628 is divided by 153.
82
Calculate the remainder when 6136528 is divided by 1290.
1288
Calculate the remainder when 9296 is divided by 417.
122
What is the remainder when 3343 is divided by 954?
481
What is the remainder when 104668 is divided by 43?
6
Calculate the remainder when 2081 is divided by 364.
261
Calculate the remainder when 556 is divided by 372.
184
Calculate the remainder when 6274 is divided by 1030.
94
What is the remainder when 5935 is divided by 156?
7
Calculate the remainder when 4248 is divided by 34.
32
Calculate the remainder when 52663 is divided by 73.
30
Calculate the remainder when 4893 is divided by 63.
42
Calculate the remainder when 192193 is divided by 16016.
1
Calculate the remainder when 12217 is divided by 20.
17
What is the remainder when 22650 is divided by 2830?
10
What is the remainder when 6340 is divided by 21?
19
What is the remainder when 27716 is divided by 3079?
5
Calculate the remainder when 11427 is divided by 295.
217
Calculate the remainder when 500234 is divided by 140.
14
What is the remainder when 165596 is divided by 80?
76
What is the remainder when 123142 is divided by 170?
62
What is the remainder when 2263 is divided by 2227?
36
What is the remainder when 54797 is divided by 20?
17
What is the remainder when 83423 is divided by 668?
591
Calculate the remainder when 6510 is divided by 412.
330
Calculate the remainder when 1282 is divided by 25.
7
What is the remainder when 397850 is divided by 138?
134
What is the remainder when 6068 is divided by 1016?
988
Calculate the remainder when 149052 is divided by 882.
876
Calculate the remainder when 334097 is divided by 50.
47
Calculate the remainder when 3658 is divided by 77.
39
What is the remainder when 10448 is divided by 95?
93
Calculate the remainder when 18157 is divided by 1522.
1415
What is the remainder when 1278 is divided by 143?
134
What is the remainder when 36